*8. Let z = b + -17. What are the prime factors of z?
5, 31
Let f be 57/(-9) + 1/3. Let b be 2/f + (-22)/(-3). Let a = 20 - b. List the prime factors of a.
13
Let c(x) = x**3 - 2*x**2 - 19*x + 25. What are the prime factors of c(7)?
137
What are the prime factors of -11 + ((-30206)/(-11) - 9)?
2, 29, 47
Let w = 2 + -11. Let y = w - -9. Let q(v) = -v**2 - v + 4. What are the prime factors of q(y)?
2
Let w be 309 + 1 + -4 + 3. Suppose -w - 135 = -12*y. List the prime factors of y.
37
Let b = 6 + -6. Suppose b = -3*y + 5 + 1. Suppose -4*t + 104 = -y*t. List the prime factors of t.
2, 13
Suppose 23 = -2*c + 3. Let p = c - -11. List the prime factors of (5 + 53)*p/2.
29
Suppose l = 6 - 3. Suppose -3*t + 2*y = -137, -2*t - l*y = -51 - 23. List the prime factors of t.
43
Let o be 15/7 - (100/14 + -7). Suppose j - 2 = 0, -5*j - 1100 = -3*r - o*r. What are the prime factors of r?
2, 3, 37
Let p(g) = 7*g**2 - 6*g - 64. Let q be p(-16). Suppose 7*x - q = -x. What are the prime factors of x?
2, 3, 19
Let n = 1565 - 1114. List the prime factors of n.
11, 41
Let t = 11 + -9. Suppose -t*a - h = -115, 4*a + h - 175 = a. What are the prime factors of a?
2, 3, 5
Suppose -6485 = -30*l + 10885. List the prime factors of l.
3, 193
Let q(u) be the third derivative of u**4/12 - 5*u**3/6 + 2*u**2. Let l be q(-5). Let g = 20 + l. What are the prime factors of g?
5
Let p(z) = 12*z**2 + 2*z - 13. List the prime factors of p(-8).
739
Suppose 0 = -5*l + 3*v + 6118, 2*l + 3*v = 1102 + 1362. What are the prime factors of l?
2, 613
Let c = -31 + 36. Suppose -6*g = 5*f - 4*g - 214, -204 = -c*f + 3*g. Suppose -n - 2*k + f = -0*k, -126 = -3*n + 3*k. List the prime factors of n.
2, 3, 7
Let n(z) = 7*z**2 + 62. List the prime factors of n(-12).
2, 5, 107
Suppose 1380 = 5*u - u. What are the prime factors of u?
3, 5, 23
Let r(l) = 8*l**2 + 51*l + 13. What are the prime factors of r(-10)?
3, 101
Let m(j) = 16*j**2 + 23*j + 8. What are the prime factors of m(-7)?
631
Suppose 0 = 11*y - 13*y + 82. Let u = 109 - y. Suppose 4*s - 2*v - 12 = u, -5*v = s + 2. List the prime factors of s.
2, 3
Let z(b) = 4*b**3 - b**2 - 5*b + 6. What are the prime factors of z(5)?
2, 3, 19
Let h = -1494 - -2452. What are the prime factors of h?
2, 479
Let u = 4849 - 3441. What are the prime factors of u?
2, 11
Let f(d) = 2*d + 5. Let o be f(-4). Suppose 2*h - 4*h + 60 = 0. Let g = h + o. What are the prime factors of g?
3
Let u(m) be the third derivative of 7/24*m**4 + 0*m + 1/120*m**6 + 1/2*m**3 + 0 + 3/20*m**5 + 7*m**2. What are the prime factors of u(-8)?
11
Suppose -z - 3*l = 4*z - 5, -2*l + 14 = -2*z. What are the prime factors of ((-1)/z)/((-7)/(-28))?
2
Suppose -2*r + 320 = -582. List the prime factors of r.
11, 41
Suppose 2*b - 618 = -4*u, 2*b = 2*u - 7*u + 620. What are the prime factors of b?
5, 61
Let w = -550 - -1035. What are the prime factors of w?
5, 97
Let i = -15 + 16. Let h(z) = 12*z**2 + z. Let w be h(i). Suppose 2*q - u - w = -q, q + 19 = 5*u. What are the prime factors of q?
2, 3
Suppose 0 = 4*i - 75 + 111. Let c(m) = m**2 + 11*m - 25. Let g(k) = -3*k**2 - 33*k + 74. Let q(n) = 17*c(n) + 6*g(n). List the prime factors of q(i).
37
Let y = 78 + -79. Let o be 1 - (2 - (-1 + 5)). List the prime factors of o/(y/5*-1).
3, 5
Suppose -k - 3196 = -s, 3198 = 4*s - 3*s - 2*k. List the prime factors of s.
2, 1597
What are the prime factors of 1/2 + (19965/(-2))/(-15)?
2, 3, 37
Suppose -4*f = -5*f + 2855. List the prime factors of f.
5, 571
Let c(k) = -k**2 + 2*k + 24. Let u be c(6). Suppose -3*w + 294 = 3*y, -3*w = -u*w + 4*y - 292. What are the prime factors of w?
2, 5
Suppose 0 = -5*n - 2*l - 27, -3*n - 3*l = -0*n + 18. What are the prime factors of (-189)/n - (-3)/15?
2, 19
Let r(k) = -k**2 + 13*k - 7. Let z be r(12). Suppose z*q + 84 - 419 = 0. What are the prime factors of q?
67
Let y(u) = -u**3 - 6*u**2 - 5. Let k(j) = -j**2 + 12*j - 7. Let w be k(12). List the prime factors of y(w).
2, 11
Let h(p) be the second derivative of p**3/6 + 5*p**2/2 - 11*p. Let b be h(-5). Suppose 0 = g - b + 3, -g - 98 = -5*r. List the prime factors of r.
19
Let c(n) = -2*n + 1. Let l be c(0). Suppose -5 = -2*h + l. Suppose -22 = -h*x + 35. List the prime factors of x.
19
Let r = -2205 - -4475. List the prime factors of r.
2, 5, 227
Suppose 0 = -3*j + 6*j - 6. What are the prime factors of 4216/26 + j/(-13)?
2, 3
Let a(j) = 10*j + 1. Let r be a(-1). Let l(s) = -12*s + 17. List the prime factors of l(r).
5
Suppose -c = -4*b - 1481, 4392 = 8*c - 5*c + 5*b. What are the prime factors of c?
13, 113
Suppose 0 = -0*p + 2*p + 62. What are the prime factors of (-18)/(-6)*p/(-3)?
31
Let a = 162 + -46. Let v = a - 60. List the prime factors of v.
2, 7
Suppose 2*k - 90 = 5*s, 3*s + 2*k + 0*k + 54 = 0. Let v = s - -81. What are the prime factors of v?
3, 7
Let m(s) = -6*s**3 - s**2 - s. Let f be m(-1). Suppose a - 3*a + f = 0. Suppose a = g - 12. List the prime factors of g.
3, 5
Let b = 5411 + -2825. What are the prime factors of b?
2, 3, 431
Let h(r) = -r**3 - r**2 + 17. Let k be h(0). Suppose 13*z - k*z = -24. List the prime factors of z.
2, 3
Let a(h) = 11*h + 5. Let c be a(6). Suppose -3*b + 3*u + u + c = 0, 5*u = 2*b - 45. Let o = 41 - b. What are the prime factors of o?
2
Let s = 3866 + -2725. Suppose 14*m = 7*m + s. List the prime factors of m.
163
Suppose -1 = 2*b - 11. Suppose -b*w = -162 - 3. List the prime factors of w.
3, 11
Suppose -5*w = -5*f + 25, 8 = 4*f - 0*f. Let d(m) = m**2 - 8*m + 3. What are the prime factors of d(w)?
2, 3
Suppose 20*h = 18*h + 54. What are the prime factors of ((-9)/h)/(1/(-156))?
2, 13
Let d = 32 + -24. Let h(i) = i**3 - 8*i**2 + 9*i + 8. List the prime factors of h(d).
2, 5
Suppose -7*c - 561 = -18*c. List the prime factors of c.
3, 17
Let w(o) = o**3 + 3*o**2 - 5*o + 4. Suppose 5 = 3*i - 2*i. Let b = i + -2. What are the prime factors of w(b)?
43
Let t(k) = 63*k - 44. List the prime factors of t(6).
2, 167
Suppose 29410 = 39*g - 22*g. What are the prime factors of g?
2, 5, 173
Let d = -50 + 55. Suppose d*x - 1726 = -351. What are the prime factors of x?
5, 11
Suppose z - 69*f - 87 = -67*f, 459 = 5*z - 2*f. List the prime factors of z.
3, 31
Suppose -8 = l + 3*l. Let p(f) = 3*f**2 - 4*f - 5. Let m(y) = 12*y**2 - 17*y - 21. Let w(d) = -6*m(d) + 26*p(d). List the prime factors of w(l).
2, 3
Suppose 4 = 2*c - 6. Suppose c*t + 5*i = 15, 0*t + 4*i = -2*t + 8. Suppose -t*m + 25 = -m. What are the prime factors of m?
5
Let a be (-26)/(-6)*(3 - 0). Let j = a + -11. Suppose 48 = 4*f - j*q - 42, -27 = -f - q. List the prime factors of f.
2, 3
Let t(l) = 10*l**2 - 5. Suppose -5*s - 4 = -14. What are the prime factors of t(s)?
5, 7
Suppose 0 = -2*l - 4, l = -4*i + 5*l + 304. Let z = i + -53. What are the prime factors of z?
3, 7
List the prime factors of ((-1457)/94)/((-102)/100 + 1).
5, 31
Let t(r) be the third derivative of -r**6/120 + 2*r**5/15 + 14*r**3/3 - 43*r**2. What are the prime factors of t(8)?
2, 7
Let p = -93 + 666. Let o = p + -368. Suppose 0*s + o = 5*s. What are the prime factors of s?
41
Let y = 10 - 13. What are the prime factors of 108 - (0*1/4)/y?
2, 3
Suppose 0 = 5*u - 4*s - 6052 - 10441, -5*u + 16499 = -2*s. What are the prime factors of u?
3301
Let d = 363 - 322. List the prime factors of d.
41
List the prime factors of (-9 + 0)/((-87)/(-58)) + 232.
2, 113
Let v = -15 - -15. Suppose l + v - 37 = 0. Let w = 59 - l. What are the prime factors of w?
2, 11
Let z = 638 - 51. List the prime factors of z.
587
Suppose -m - 42 = m. Let w be 4/(-14) + (-6)/m. Suppose z + 0 - 14 = w. What are the prime factors of z?
2, 7
Let s(u) = 26*u**2 + 48*u + 268. List the prime factors of s(-15).
2, 2699
Let a(g) = -g**3 + 10*g**2 + 12*g - 6. Let t(s) = -s**3 + 6*s**2 + s + 5. Let h be t(6). Let n be a(h). List the prime factors of n*-5*5/(-5).
5
Let q(s) = 16*s**2 - 10*s - 7. What are the prime factors of q(8)?
937
Let q be 3 + (3 - (0 - -15)). Let t be (q/6)/((-3)/6). Suppose 2*o = -0*c - t*c + 57, -110 = -4*o - 2*c. What are the prime factors of o?
3
What are the prime factors of 126357/35 - 6/30?
2, 5, 19
Suppose 5*q - 5*h - 92 = 48, 4*q - 110 = 5*h. Suppose 0 = v - 14 - q. Let y = v + -18. List the prime factors of y.
2, 13
Let a = -294 + 507. What are the prime factors of a?
3, 71
